3.
1222010222
Convert 11153758 (base 9) to base 10.
5409071
131010031 (base 4) to base 12
58a91
-2212124 (base 6) to base 12
-54044
What is -8b4cba (base 14) in base 8?
-22047144
What is -10861 (base 15) in base 7?
-306052
-b1a761 (base 12) to base 2
-1010100101110010111001
74931 (base 13) to base 10
210276
What is 1104202444 (base 5) in base 4?
21031011022
Convert -d46a75 (base 15) to base 14.
-14ab933
Convert -337a69 (base 15) to base 7.
-26606163
What is 20735643 (base 8) in base 14?
837999
2589108 (base 10) to base 6
131254340
b36022 (base 13) to base 6
225354140
What is -12234403 (base 5) in base 6?
-2310435
What is 16225420 (base 8) in base 6?
212145132
Convert 110100110001100010011 (base 2) to base 16.
1a6313
2200431 (base 5) to base 7
214445
-10343021130 (base 5) to base 3
-210021000100012
Convert -110001111011101110011 (base 2) to base 8.
-6173563
Convert 1510a0 (base 11) to base 2.
111001100010110001
788224 (base 11) to base 5
310133101
What is -100100010101000101 (base 2) in base 6?
-3104525
What is 131113042 (base 6) in base 11?
14aa290
-130718 (base 9) to base 12
-39a98
Convert -190675 (base 11) to base 13.
-a385a
What is 3112524 (base 7) in base 14?
99d84
381915 (base 16) to base 11
2091186
What is 2525033 (base 7) in base 4?
1033203302
What is -324244114 (base 6) in base 2?
-10110001001101110001110
40740 (base 9) to base 15
7e4c
What is 140683 (base 12) in base 10?
332739
Convert -37215 (base 13) to base 6.
-2101310
Convert 115505 (base 7) to base 6.
242005
233322233003 (base 4) to base 14
194da71
-36133 (base 13) to base 12
-49404
What is -13106024 (base 7) in base 3?
-2020201202002
What is -72307 (base 14) in base 5?
-32244440
90303 (base 13) to base 7
2121621
-13214031 (base 8) to base 9
-5503804
-874b (base 13) to base 11
-13161
Convert 311382 (base 13) to base 3.
2011011222200
90407 (base 10) to base 8
260447
Convert 426469 (base 12) to base 10.
1047825
Convert 301012022 (base 4) to base 13.
706c1
Convert -139587 (base 11) to base 7.
-1564362
What is -12673337 (base 8) in base 9?
-5321336
What is 1323ec (base 15) in base 8?
3402561
-d1021 (base 14) to base 16
-7a9a5
What is -fadef1 (base 16) in base 10?
-16441073
What is -111001001111101010 (base 2) in base 8?
-711752
Convert -909457 (base 10) to base 13.
-25ac53
What is 24708514 (base 9) in base 5?
11100030140
-1102113233 (base 4) to base 12
-1432bb
What is -6300420 (base 9) in base 13?
-90b1c6
What is -3b450b (base 12) in base 3?
-1211220101002
Convert -21544505 (base 6) to base 3.
-1020002212212
Convert -5529796 (base 11) to base 10.
-9705273
44c98f (base 16) to base 7
53213665
-a7b30 (base 13) to base 3
-120101111001
-120210112202020 (base 3) to base 8
-40015676
What is -1122222001 (base 3) in base 13?
-11bc6
-329c4b (base 15) to base 13
-666137
Convert ac431 (base 13) to base 2.
1001100010101110010
Convert -479742 (base 10) to base 5.
-110322432
What is 220262 (base 8) in base 6?
1330054
Convert 82082 (base 16) to base 8.
2020202
-545836 (base 14) to base 11
-1682391
What is 393a8 (base 11) in base 15?
11a8d
What is 57629 (base 12) in base 6?
2300053
Convert 13102332303 (base 4) to base 8.
7227663
5416426 (base 12) to base 13
33c90b4
Convert 413a62 (base 12) to base 14.
1c8a26
13cd326 (base 14) to base 15
ca65b4
20584 (base 10) to base 12
bab4
Convert 21131201131 (base 4) to base 5.
1113331341
102220101101 (base 3) to base 7
1664026
What is -4334062 (base 7) in base 2?
-10000001010011100100
11100111000 (base 2) to base 16
738
What is 20012002121001 (base 3) in base 15?
44e787
Convert 1453231 (base 6) to base 14.
22d7d
What is -2034f8 (base 16) in base 5?
-1020020322
Convert -2157363 (base 12) to base 5.
-3110241313
-16e5d3 (base 15) to base 7
-12310050
Convert -1110001110101101 (base 2) to base 5.
-3331120
-211875 (base 10) to base 13
-75591
Convert -1121202220121 (base 3) to base 13.
-24223c
What is 22012313 (base 4) in base 11?
29116
11708016 (base 9) to base 11
3266814
-238374 (base 14) to base 13
-336491
10110001100011101111 (base 2) to base 15
e5754
-18fa51 (base 16) to base 6
-55030241
What is 105261155 (base 7) in base 10?
6401498
-20011012000 (base 3) to base 2
-11101100100111101
22103302003 (base 4) to base 6
133531231
What is 57665a (base 12) in base 6?
50004154
11010101001100101100 (base 2) to base 10
873260
What is 1717205 (base 8) in base 2?
1111001111010000101
Convert -27004 (base 12) to base 13.
-1b4cc
What is -213013202 (base 4) in base 14?
-4256a
Convert 3033123 (base 4) to base 3.
200012200
Convert -322502 (base 8) to base 16.
-1a542
22880a (base 11) to base 5
43104020
What is -1412631 (base 9) in base 7?
-6411613
-131212200 (base 4) to base 16
-1d9a0
Convert b38a08 (base 14) to base 11.
3466427
Convert 1244b8a (base 13) to base 9.
11638221
What is -253135225 (base 6) in base 14?
-91bda9
Convert 283169 (base 15) to base 3.
10122021020000
Convert 1101110011110101 (base 2) to base 15.
11b60
-10132113203 (base 4) to base 9
-2177002
What is -6d92c (base 15) in base 2?
-1010101010111111100
What is 118b9 (base 13) in base 15?
985c
Convert 3732817 (base 11) to base 16.
63060b
98782 (base 12) to base 10
201554
What is 1a87a10 (base 11) in base 4?
31120313221
What is -13522245 (base 7) in base 12?
-510880
What is 656a3 (base 16) in base 10?
415395
What is -1003012 (base 7) in base 6?
-2313251
What is -1472285 (base 9) in base 5?
-202042021
-100010101101001111110 (base 2) to base 16
-115a7e
Convert -120431123 (base 5) to base 6.
-20011045
Convert -51a5d3 (base 15) to base 12.
-1372a39
-1a10498 (base 11) to base 12
-117a047
131302110 (base 4) to base 3
20012100200
Convert -170597 (base 14) to base 4.
-3011032221
Convert -5402454 (base 6) to base 14.
-6c802
What is -447ec8 (base 15) in base 12?
-111672b
Convert -20033040 (base 5) to base 7.
-1230105
What is -370737 (base 8) in base 7?
-1040406
-33031210 (base 5) to base 14
-75361
What is -23a44 (base 12) in base 9?
-73037
What is -11010001110010000110001 (base 2) in base 8?
-32162061
What is 217a970 (base 13) in base 5?
10110422140
Convert -748b9 (base 14) to base 10.
-281619
What is -3bb88 (base 12) in base 16?
-143d8
3012223231 (base 4) to base 9
1470287
What is 8a1c23 (base 15) in base 11?
379a1a8
463056 (base 7) to base 2
10100001100010000
Convert -434015 (base 7) to base 4.
-102200213
Convert 2a318a6 (base 12) to base 10.
8525502
What is -10240 (base 13) in base 5?
-1411301
What is 23581 (base 11) in base 4?
20102301
Convert -2102122002101 (base 3) to base 8.
-4733114
Convert 1010200220120 (base 3) to base 2.
10010011100001110011
Convert 6312462 (base 7) to base 13.
2079c0
What is -1411500 (base 6) in base 4?
-103121130
Convert 4bd8d0 (base 15) to base 11.
2066a74
Convert -9ccdc (base 16) to base 11.
-3a9600
-64781 (base 9) to base 15
-cab7
Convert 10013323 (base 5) to base 16.
1356d
39e6b4 (base 15) to base 14
526075
Convert -2cc6c (base 16) to base 8.
-546154
-56448b (base 15) to base 11
-2360861
-2c5758 (base 14) to base 9
-2824613
Convert 1100101011011010001 (base 2) to base 9.
702781
Convert 1111100000000110000010 (base 2) to base 9.
7573211
Convert -1460711 (base 9) to base 13.
-223777
What is 1110204030 (base 5) in base 2?
1001010000111011100000
4110352 (base 8) to base 5
234220144
What is 21010143 (base 7) in base 11?
aa7810
Convert -13430430 (base 5) to base 9.
-232308
What is -3624724 (base 12) in base 6?
-1013020444
-133331021 (base 5) to base 12
-28b4a5
What is -2043511 (base 7) in base 8?
-740650
-40386 (base 14) to base 11
-a5a87
Convert -73397 (base 11) to base 7.
-623543
Convert 111101101011011100 (base 2) to base 3.
110211112220
-202731 (base 8) to base 9
-111851
2140404 (base 5) to base 16
9073
What is -1111100001101011101 (base 2) in base 10?
-508765
What is 136022401 (base 7) in base 3?
121211112222201
5501275 (base 8) to base 16
1682bd
Convert -1200202211 (base 3) to base 14.
-c235
Convert -53505505 (base 6) to base 16.
-181b11
What is 73908 (base 14) in base 2?
1000100000110000100
Convert 72ba22 (base 14) to base 11.
2206473
-3b404 (base 12) to base 3
-11011012111
What is -1011111011101011110 (base 2) in base 5?
-100003011
What is 1013034 (base 10) in base 12?
40a2b6
110100010200 (base 3) to base 8
732250
Convert 4532315 (base 8) to base 7.
13264102
-f8ad (base 16) to base 12
-30a1